{"id":10116,"date":"2024-04-17T23:57:56","date_gmt":"2024-04-18T03:57:56","guid":{"rendered":"https:\/\/iberdeportes.com\/joma\/?post_type=product&#038;p=10116"},"modified":"2025-04-04T12:29:26","modified_gmt":"2025-04-04T16:29:26","slug":"set-phoenix-amarillo-fluor-marino","status":"publish","type":"product","link":"https:\/\/iberdeportes.com\/joma\/producto\/set-phoenix-amarillo-fluor-marino\/","title":{"rendered":"SET PHOENIX NEGRO BLANCO"},"content":{"rendered":"<div class=\"wpb-content-wrapper\"><p>[vc_row][vc_column width=\u00bb1\/2&#8243;][vc_column_text css=\u00bb\u00bb woodmart_inline=\u00bbno\u00bb text_larger=\u00bbno\u00bb]La camiseta de manga corta posee cuello redondo en tejido base. Incluye una pieza covertape interior para prevenir la aparici\u00f3n de rozaduras.<\/p>\n<p>Pantal\u00f3n corto con cintura el\u00e1stica que se ajusta al cuerpo. Con cinturilla regulable mediante cord\u00f3n plano interno. Ambas piezas se han confeccionado con tejido ligero, transpirable y resistente.<\/p>\n<p>Logotipo Joma en printing.[\/vc_column_text][vc_single_image image=\u00bb10112&#8243; img_size=\u00bbmedium\u00bb onclick=\u00bbzoom\u00bb css=\u00bb\u00bb parallax_scroll=\u00bbno\u00bb woodmart_inline=\u00bbno\u00bb][\/vc_column][vc_column width=\u00bb1\/2&#8243;]\n\t\t<div id=\"wd-\" class=\"wd-tabs wd-wpb tabs-design-default \">\n\t\t\t<div class=\"wd-tabs-header text-center\">\n\t\t\t\t\n\t\t\t\t\n\t\t\t\t<div class=\"wd-nav-wrapper wd-nav-tabs-wrapper wd-mb-action-swipe\">\n\t\t\t\t\t<ul class=\"wd-nav wd-nav-tabs wd-icon-pos-left wd-style-default font-primary wd-fontsize-s wd-font-weight-600\">\n\t\t\t\t\t\t\t\t\t\t\t\t\t\n\t\t\t\t\t\t\t<li>\n\t\t\t\t\t\t\t\t<a href=\"#\" class=\"wd-nav-link\">\n\t\t\t\t\t\t\t\t\t\t\t\t\t\t\t\t\t\t<span class=\"nav-link-text wd-tabs-title\">\n\t\t\t\t\t\t\t\t\t\tCaracter\u00edsticas\t\t\t\t\t\t\t\t\t<\/span>\n\t\t\t\t\t\t\t\t<\/a>\n\t\t\t\t\t\t\t<\/li>\n\n\t\t\t\t\t\t\t\t\t\t\t\t\t\n\t\t\t\t\t\t\t<li>\n\t\t\t\t\t\t\t\t<a href=\"#\" class=\"wd-nav-link\">\n\t\t\t\t\t\t\t\t\t\t\t\t\t\t\t\t\t\t<span class=\"nav-link-text wd-tabs-title\">\n\t\t\t\t\t\t\t\t\t\tCuidados\t\t\t\t\t\t\t\t\t<\/span>\n\t\t\t\t\t\t\t\t<\/a>\n\t\t\t\t\t\t\t<\/li>\n\n\t\t\t\t\t\t\n\t\t\t\t\t<\/ul>\n\t\t\t\t<\/div>\n\t\t\t<\/div>\n\n\t\t\t<div class=\"wd-tabs-content-wrapper\">\n\t\t\t\t\n\t\t<div class=\"wd-tab-content\">\n\t\t\t\t\t\t\t<div class=\"wd-entry-content\">\n\t\t\t\t\t<\/p>\n<ul>\n<li>Manga corta<\/li>\n<li>Cintura el\u00e1stica con cord\u00f3n<\/li>\n<li>Tejido ligero y confortable<\/li>\n<li>Cortes de contraste a color<\/li>\n<li>Libertad de movimiento<\/li>\n<li>Tipo de ajuste: ligeramente ajustado<\/li>\n<li>100% Poli\u00e9ster<\/li>\n<\/ul>\n<p>\t\t\t\t<\/div>\n\t\t\t\t\t<\/div>\n\n\t\t\n\t\t<div class=\"wd-tab-content\">\n\t\t\t\t\t\t\t<div class=\"wd-entry-content\">\n\t\t\t\t\t<img loading=\"lazy\" decoding=\"async\" class=\"alignnone wp-image-9706\" role=\"img\" src=\"http:\/\/iberdeportes.com\/joma\/wp-content\/uploads\/sites\/2\/2024\/04\/00226.svg\" alt=\"\" width=\"62\" height=\"62\" srcset=\"https:\/\/iberdeportes.com\/joma\/wp-content\/uploads\/sites\/2\/2024\/04\/00226.svg 150w, https:\/\/iberdeportes.com\/joma\/wp-content\/uploads\/sites\/2\/2024\/04\/00226.svg 1536w, https:\/\/iberdeportes.com\/joma\/wp-content\/uploads\/sites\/2\/2024\/04\/00226.svg 2048w, https:\/\/iberdeportes.com\/joma\/wp-content\/uploads\/sites\/2\/2024\/04\/00226.svg 120w\" sizes=\"auto, (max-width: 62px) 100vw, 62px\" \/> Lavar a m\u00e1quina sin superar 30 grados.<\/p>\n<p><a href=\"http:\/\/iberdeportes.com\/joma\/wp-content\/uploads\/sites\/2\/2024\/04\/00227.svg\"><img loading=\"lazy\" decoding=\"async\" class=\"alignnone wp-image-9707\" role=\"img\" src=\"http:\/\/iberdeportes.com\/joma\/wp-content\/uploads\/sites\/2\/2024\/04\/00227.svg\" alt=\"\" width=\"62\" height=\"62\" srcset=\"https:\/\/iberdeportes.com\/joma\/wp-content\/uploads\/sites\/2\/2024\/04\/00227.svg 150w, https:\/\/iberdeportes.com\/joma\/wp-content\/uploads\/sites\/2\/2024\/04\/00227.svg 1536w, https:\/\/iberdeportes.com\/joma\/wp-content\/uploads\/sites\/2\/2024\/04\/00227.svg 2048w, https:\/\/iberdeportes.com\/joma\/wp-content\/uploads\/sites\/2\/2024\/04\/00227.svg 120w\" sizes=\"auto, (max-width: 62px) 100vw, 62px\" \/><\/a> No usar cloro.<\/p>\n<p><img loading=\"lazy\" decoding=\"async\" class=\"alignnone wp-image-9708\" role=\"img\" src=\"http:\/\/iberdeportes.com\/joma\/wp-content\/uploads\/sites\/2\/2024\/04\/00228.svg\" alt=\"\" width=\"57\" height=\"57\" srcset=\"https:\/\/iberdeportes.com\/joma\/wp-content\/uploads\/sites\/2\/2024\/04\/00228.svg 150w, https:\/\/iberdeportes.com\/joma\/wp-content\/uploads\/sites\/2\/2024\/04\/00228.svg 1536w, https:\/\/iberdeportes.com\/joma\/wp-content\/uploads\/sites\/2\/2024\/04\/00228.svg 2048w, https:\/\/iberdeportes.com\/joma\/wp-content\/uploads\/sites\/2\/2024\/04\/00228.svg 120w\" sizes=\"auto, (max-width: 57px) 100vw, 57px\" \/>No usar secadora.<\/p>\n<p><img loading=\"lazy\" decoding=\"async\" class=\"alignnone wp-image-9709\" role=\"img\" src=\"http:\/\/iberdeportes.com\/joma\/wp-content\/uploads\/sites\/2\/2024\/04\/00229.svg\" alt=\"\" width=\"51\" height=\"51\" srcset=\"https:\/\/iberdeportes.com\/joma\/wp-content\/uploads\/sites\/2\/2024\/04\/00229.svg 150w, https:\/\/iberdeportes.com\/joma\/wp-content\/uploads\/sites\/2\/2024\/04\/00229.svg 1536w, https:\/\/iberdeportes.com\/joma\/wp-content\/uploads\/sites\/2\/2024\/04\/00229.svg 2048w, https:\/\/iberdeportes.com\/joma\/wp-content\/uploads\/sites\/2\/2024\/04\/00229.svg 120w\" sizes=\"auto, (max-width: 51px) 100vw, 51px\" \/> Planchar a temperatura m\u00e1xima de 110 grados.<\/p>\n<p><img loading=\"lazy\" decoding=\"async\" class=\"alignnone wp-image-9710\" role=\"img\" src=\"http:\/\/iberdeportes.com\/joma\/wp-content\/uploads\/sites\/2\/2024\/04\/00230.svg\" alt=\"\" width=\"53\" height=\"53\" srcset=\"https:\/\/iberdeportes.com\/joma\/wp-content\/uploads\/sites\/2\/2024\/04\/00230.svg 150w, https:\/\/iberdeportes.com\/joma\/wp-content\/uploads\/sites\/2\/2024\/04\/00230.svg 1536w, https:\/\/iberdeportes.com\/joma\/wp-content\/uploads\/sites\/2\/2024\/04\/00230.svg 2048w, https:\/\/iberdeportes.com\/joma\/wp-content\/uploads\/sites\/2\/2024\/04\/00230.svg 120w\" sizes=\"auto, (max-width: 53px) 100vw, 53px\" \/>No limpiar en seco.<\/p>\n<p>\t\t\t\t<\/div>\n\t\t\t\t\t<\/div>\n\n\t\t\t\t\t<\/div>\n\t\t<\/div>\n\n\t\t[\/vc_column][\/vc_row]<\/p>\n<\/div>","protected":false},"excerpt":{"rendered":"<p>Set deportivo para hombre. Est\u00e1 compuesto por dos piezas: camiseta de manga corta y short. Se trata de un set c\u00f3modo, ligero y con gran transpirabilidad. Encontrar\u00e1s todo lo que buscas en un solo conjunto deportivo, perfecto para entrenamientos o, incluso, para uso diario.<\/p>\n<h3><strong><a href=\"https:\/\/iberdeportes.com\/joma\/cotizacion-de-textil\/\">&lt;ESCRIBANOS PARA COTIZAR&gt;<\/a><\/strong><\/h3>\n","protected":false},"featured_media":10136,"comment_status":"open","ping_status":"closed","template":"","meta":{"_joinchat":[]},"product_brand":[],"product_cat":[83,111],"product_tag":[117,115,116,118],"class_list":{"0":"post-10116","1":"product","2":"type-product","3":"status-publish","4":"has-post-thumbnail","6":"product_cat-uniforme","7":"product_cat-set-phoenix","8":"product_tag-franela","9":"product_tag-ropa","10":"product_tag-short","11":"product_tag-uniforme","13":"first","14":"outofstock","15":"taxable","16":"shipping-taxable","17":"product-type-simple"},"group_of_quantity":0,"min_quantity":0,"max_quantity":"","exclude_order_quantity_value_rules":"no","exclude_category_quantity_rules":"no","combine_variations":"no","supplier_id":null,"supplier_sku":"","barcode":null,"atum_controlled":true,"out_stock_date":"2024-09-24 13:56:13","out_stock_threshold":null,"inheritable":false,"inbound_stock":0,"stock_on_hold":0,"sold_today":0,"sales_last_days":0,"reserved_stock":0,"customer_returns":0,"warehouse_damage":0,"lost_in_post":0,"other_logs":0,"out_stock_days":589,"lost_sales":0,"has_location":false,"update_date":"2026-05-06T17:46:43","atum_locations":[],"atum_stock_status":"outofstock","restock_status":false,"low_stock_amount":"","sales_update_date":"2026-05-06T17:46:43","calc_backorders":null,"yoast_head":"<!-- This site is optimized with the Yoast SEO plugin v26.7 - https:\/\/yoast.com\/wordpress\/plugins\/seo\/ -->\n<title>SET PHOENIX NEGRO BLANCO - joma - Ibersport<\/title>\n<meta name=\"robots\" content=\"index, follow, max-snippet:-1, max-image-preview:large, max-video-preview:-1\" \/>\n<link rel=\"canonical\" href=\"https:\/\/iberdeportes.com\/joma\/producto\/set-phoenix-amarillo-fluor-marino\/\" \/>\n<meta property=\"og:locale\" content=\"es_ES\" \/>\n<meta property=\"og:type\" content=\"article\" \/>\n<meta property=\"og:title\" content=\"SET PHOENIX NEGRO BLANCO - joma - Ibersport\" \/>\n<meta property=\"og:description\" content=\"Set deportivo para hombre. Est\u00e1 compuesto por dos piezas: camiseta de manga corta y short. Se trata de un set c\u00f3modo, ligero y con gran transpirabilidad. Encontrar\u00e1s todo lo que buscas en un solo conjunto deportivo, perfecto para entrenamientos o, incluso, para uso diario. &lt;ESCRIBANOS PARA COTIZAR&gt;\" \/>\n<meta property=\"og:url\" content=\"https:\/\/iberdeportes.com\/joma\/producto\/set-phoenix-amarillo-fluor-marino\/\" \/>\n<meta property=\"og:site_name\" content=\"joma - Ibersport\" \/>\n<meta property=\"article:modified_time\" content=\"2025-04-04T16:29:26+00:00\" \/>\n<meta property=\"og:image\" content=\"https:\/\/iberdeportes.com\/joma\/wp-content\/uploads\/sites\/2\/2024\/04\/20220103114124.102741.102.jpg\" \/>\n\t<meta property=\"og:image:width\" content=\"2000\" \/>\n\t<meta property=\"og:image:height\" content=\"2000\" \/>\n\t<meta property=\"og:image:type\" content=\"image\/jpeg\" \/>\n<meta name=\"twitter:card\" content=\"summary_large_image\" \/>\n<meta name=\"twitter:label1\" content=\"Tiempo de lectura\" \/>\n\t<meta name=\"twitter:data1\" content=\"2 minutos\" \/>\n<script type=\"application\/ld+json\" class=\"yoast-schema-graph\">{\"@context\":\"https:\/\/schema.org\",\"@graph\":[{\"@type\":\"WebPage\",\"@id\":\"https:\/\/iberdeportes.com\/joma\/producto\/set-phoenix-amarillo-fluor-marino\/\",\"url\":\"https:\/\/iberdeportes.com\/joma\/producto\/set-phoenix-amarillo-fluor-marino\/\",\"name\":\"SET PHOENIX NEGRO BLANCO - joma - Ibersport\",\"isPartOf\":{\"@id\":\"https:\/\/iberdeportes.com\/joma\/#website\"},\"primaryImageOfPage\":{\"@id\":\"https:\/\/iberdeportes.com\/joma\/producto\/set-phoenix-amarillo-fluor-marino\/#primaryimage\"},\"image\":{\"@id\":\"https:\/\/iberdeportes.com\/joma\/producto\/set-phoenix-amarillo-fluor-marino\/#primaryimage\"},\"thumbnailUrl\":\"https:\/\/iberdeportes.com\/joma\/wp-content\/uploads\/sites\/2\/2024\/04\/20220103114124.102741.102.jpg\",\"datePublished\":\"2024-04-18T03:57:56+00:00\",\"dateModified\":\"2025-04-04T16:29:26+00:00\",\"breadcrumb\":{\"@id\":\"https:\/\/iberdeportes.com\/joma\/producto\/set-phoenix-amarillo-fluor-marino\/#breadcrumb\"},\"inLanguage\":\"es\",\"potentialAction\":[{\"@type\":\"ReadAction\",\"target\":[\"https:\/\/iberdeportes.com\/joma\/producto\/set-phoenix-amarillo-fluor-marino\/\"]}]},{\"@type\":\"ImageObject\",\"inLanguage\":\"es\",\"@id\":\"https:\/\/iberdeportes.com\/joma\/producto\/set-phoenix-amarillo-fluor-marino\/#primaryimage\",\"url\":\"https:\/\/iberdeportes.com\/joma\/wp-content\/uploads\/sites\/2\/2024\/04\/20220103114124.102741.102.jpg\",\"contentUrl\":\"https:\/\/iberdeportes.com\/joma\/wp-content\/uploads\/sites\/2\/2024\/04\/20220103114124.102741.102.jpg\",\"width\":2000,\"height\":2000},{\"@type\":\"BreadcrumbList\",\"@id\":\"https:\/\/iberdeportes.com\/joma\/producto\/set-phoenix-amarillo-fluor-marino\/#breadcrumb\",\"itemListElement\":[{\"@type\":\"ListItem\",\"position\":1,\"name\":\"Portada\",\"item\":\"https:\/\/iberdeportes.com\/joma\/\"},{\"@type\":\"ListItem\",\"position\":2,\"name\":\"Tienda\",\"item\":\"https:\/\/iberdeportes.com\/joma\/shop\/\"},{\"@type\":\"ListItem\",\"position\":3,\"name\":\"SET PHOENIX NEGRO BLANCO\"}]},{\"@type\":\"WebSite\",\"@id\":\"https:\/\/iberdeportes.com\/joma\/#website\",\"url\":\"https:\/\/iberdeportes.com\/joma\/\",\"name\":\"joma - Ibersport\",\"description\":\"Ibersport distribuidor oficial art\u00edculos Joma en Venezuela\",\"publisher\":{\"@id\":\"https:\/\/iberdeportes.com\/joma\/#organization\"},\"alternateName\":\"Ibersport\",\"potentialAction\":[{\"@type\":\"SearchAction\",\"target\":{\"@type\":\"EntryPoint\",\"urlTemplate\":\"https:\/\/iberdeportes.com\/joma\/?s={search_term_string}\"},\"query-input\":{\"@type\":\"PropertyValueSpecification\",\"valueRequired\":true,\"valueName\":\"search_term_string\"}}],\"inLanguage\":\"es\"},{\"@type\":\"Organization\",\"@id\":\"https:\/\/iberdeportes.com\/joma\/#organization\",\"name\":\"Ibersport\",\"url\":\"https:\/\/iberdeportes.com\/joma\/\",\"logo\":{\"@type\":\"ImageObject\",\"inLanguage\":\"es\",\"@id\":\"https:\/\/iberdeportes.com\/joma\/#\/schema\/logo\/image\/\",\"url\":\"https:\/\/iberdeportes.com\/joma\/wp-content\/uploads\/sites\/2\/2024\/04\/Sin-titulo-3-1.png\",\"contentUrl\":\"https:\/\/iberdeportes.com\/joma\/wp-content\/uploads\/sites\/2\/2024\/04\/Sin-titulo-3-1.png\",\"width\":624,\"height\":510,\"caption\":\"Ibersport\"},\"image\":{\"@id\":\"https:\/\/iberdeportes.com\/joma\/#\/schema\/logo\/image\/\"}}]}<\/script>\n<!-- \/ Yoast SEO plugin. -->","yoast_head_json":{"title":"SET PHOENIX NEGRO BLANCO - joma - Ibersport","robots":{"index":"index","follow":"follow","max-snippet":"max-snippet:-1","max-image-preview":"max-image-preview:large","max-video-preview":"max-video-preview:-1"},"canonical":"https:\/\/iberdeportes.com\/joma\/producto\/set-phoenix-amarillo-fluor-marino\/","og_locale":"es_ES","og_type":"article","og_title":"SET PHOENIX NEGRO BLANCO - joma - Ibersport","og_description":"Set deportivo para hombre. Est\u00e1 compuesto por dos piezas: camiseta de manga corta y short. Se trata de un set c\u00f3modo, ligero y con gran transpirabilidad. Encontrar\u00e1s todo lo que buscas en un solo conjunto deportivo, perfecto para entrenamientos o, incluso, para uso diario. &lt;ESCRIBANOS PARA COTIZAR&gt;","og_url":"https:\/\/iberdeportes.com\/joma\/producto\/set-phoenix-amarillo-fluor-marino\/","og_site_name":"joma - Ibersport","article_modified_time":"2025-04-04T16:29:26+00:00","og_image":[{"width":2000,"height":2000,"url":"https:\/\/iberdeportes.com\/joma\/wp-content\/uploads\/sites\/2\/2024\/04\/20220103114124.102741.102.jpg","type":"image\/jpeg"}],"twitter_card":"summary_large_image","twitter_misc":{"Tiempo de lectura":"2 minutos"},"schema":{"@context":"https:\/\/schema.org","@graph":[{"@type":"WebPage","@id":"https:\/\/iberdeportes.com\/joma\/producto\/set-phoenix-amarillo-fluor-marino\/","url":"https:\/\/iberdeportes.com\/joma\/producto\/set-phoenix-amarillo-fluor-marino\/","name":"SET PHOENIX NEGRO BLANCO - joma - Ibersport","isPartOf":{"@id":"https:\/\/iberdeportes.com\/joma\/#website"},"primaryImageOfPage":{"@id":"https:\/\/iberdeportes.com\/joma\/producto\/set-phoenix-amarillo-fluor-marino\/#primaryimage"},"image":{"@id":"https:\/\/iberdeportes.com\/joma\/producto\/set-phoenix-amarillo-fluor-marino\/#primaryimage"},"thumbnailUrl":"https:\/\/iberdeportes.com\/joma\/wp-content\/uploads\/sites\/2\/2024\/04\/20220103114124.102741.102.jpg","datePublished":"2024-04-18T03:57:56+00:00","dateModified":"2025-04-04T16:29:26+00:00","breadcrumb":{"@id":"https:\/\/iberdeportes.com\/joma\/producto\/set-phoenix-amarillo-fluor-marino\/#breadcrumb"},"inLanguage":"es","potentialAction":[{"@type":"ReadAction","target":["https:\/\/iberdeportes.com\/joma\/producto\/set-phoenix-amarillo-fluor-marino\/"]}]},{"@type":"ImageObject","inLanguage":"es","@id":"https:\/\/iberdeportes.com\/joma\/producto\/set-phoenix-amarillo-fluor-marino\/#primaryimage","url":"https:\/\/iberdeportes.com\/joma\/wp-content\/uploads\/sites\/2\/2024\/04\/20220103114124.102741.102.jpg","contentUrl":"https:\/\/iberdeportes.com\/joma\/wp-content\/uploads\/sites\/2\/2024\/04\/20220103114124.102741.102.jpg","width":2000,"height":2000},{"@type":"BreadcrumbList","@id":"https:\/\/iberdeportes.com\/joma\/producto\/set-phoenix-amarillo-fluor-marino\/#breadcrumb","itemListElement":[{"@type":"ListItem","position":1,"name":"Portada","item":"https:\/\/iberdeportes.com\/joma\/"},{"@type":"ListItem","position":2,"name":"Tienda","item":"https:\/\/iberdeportes.com\/joma\/shop\/"},{"@type":"ListItem","position":3,"name":"SET PHOENIX NEGRO BLANCO"}]},{"@type":"WebSite","@id":"https:\/\/iberdeportes.com\/joma\/#website","url":"https:\/\/iberdeportes.com\/joma\/","name":"joma - Ibersport","description":"Ibersport distribuidor oficial art\u00edculos Joma en Venezuela","publisher":{"@id":"https:\/\/iberdeportes.com\/joma\/#organization"},"alternateName":"Ibersport","potentialAction":[{"@type":"SearchAction","target":{"@type":"EntryPoint","urlTemplate":"https:\/\/iberdeportes.com\/joma\/?s={search_term_string}"},"query-input":{"@type":"PropertyValueSpecification","valueRequired":true,"valueName":"search_term_string"}}],"inLanguage":"es"},{"@type":"Organization","@id":"https:\/\/iberdeportes.com\/joma\/#organization","name":"Ibersport","url":"https:\/\/iberdeportes.com\/joma\/","logo":{"@type":"ImageObject","inLanguage":"es","@id":"https:\/\/iberdeportes.com\/joma\/#\/schema\/logo\/image\/","url":"https:\/\/iberdeportes.com\/joma\/wp-content\/uploads\/sites\/2\/2024\/04\/Sin-titulo-3-1.png","contentUrl":"https:\/\/iberdeportes.com\/joma\/wp-content\/uploads\/sites\/2\/2024\/04\/Sin-titulo-3-1.png","width":624,"height":510,"caption":"Ibersport"},"image":{"@id":"https:\/\/iberdeportes.com\/joma\/#\/schema\/logo\/image\/"}}]}},"_links":{"self":[{"href":"https:\/\/iberdeportes.com\/joma\/wp-json\/wp\/v2\/product\/10116","targetHints":{"allow":["GET"]}}],"collection":[{"href":"https:\/\/iberdeportes.com\/joma\/wp-json\/wp\/v2\/product"}],"about":[{"href":"https:\/\/iberdeportes.com\/joma\/wp-json\/wp\/v2\/types\/product"}],"replies":[{"embeddable":true,"href":"https:\/\/iberdeportes.com\/joma\/wp-json\/wp\/v2\/comments?post=10116"}],"wp:featuredmedia":[{"embeddable":true,"href":"https:\/\/iberdeportes.com\/joma\/wp-json\/wp\/v2\/media\/10136"}],"wp:attachment":[{"href":"https:\/\/iberdeportes.com\/joma\/wp-json\/wp\/v2\/media?parent=10116"}],"wp:term":[{"taxonomy":"product_brand","embeddable":true,"href":"https:\/\/iberdeportes.com\/joma\/wp-json\/wp\/v2\/product_brand?post=10116"},{"taxonomy":"product_cat","embeddable":true,"href":"https:\/\/iberdeportes.com\/joma\/wp-json\/wp\/v2\/product_cat?post=10116"},{"taxonomy":"product_tag","embeddable":true,"href":"https:\/\/iberdeportes.com\/joma\/wp-json\/wp\/v2\/product_tag?post=10116"}],"curies":[{"name":"wp","href":"https:\/\/api.w.org\/{rel}","templated":true}]}}